by 17?
12
What is the remainder when 17113 is divided by 23?
1
Calculate the remainder when 8919 is divided by 691.
627
What is the remainder when 64775 is divided by 7?
4
Calculate the remainder when 9632 is divided by 4796.
40
What is the remainder when 31832 is divided by 349?
73
What is the remainder when 19589 is divided by 129?
110
Calculate the remainder when 9048 is divided by 2261.
4
What is the remainder when 965 is divided by 289?
98
What is the remainder when 2604218 is divided by 112?
106
What is the remainder when 23323 is divided by 4660?
23
What is the remainder when 1411 is divided by 108?
7
Calculate the remainder when 151909 is divided by 37974.
13
What is the remainder when 632 is divided by 331?
301
Calculate the remainder when 453589 is divided by 226788.
13
What is the remainder when 2103 is divided by 1?
0
Calculate the remainder when 2581 is divided by 22.
7
What is the remainder when 738490 is divided by 7?
4
What is the remainder when 4559 is divided by 267?
20
What is the remainder when 1358092 is divided by 452693?
13
Calculate the remainder when 8706 is divided by 1286.
990
What is the remainder when 4526 is divided by 31?
0
What is the remainder when 31804 is divided by 173?
145
What is the remainder when 34502 is divided by 11485?
47
What is the remainder when 2388 is divided by 381?
102
Calculate the remainder when 58827 is divided by 265.
262
Calculate the remainder when 63501 is divided by 80.
61
Calculate the remainder when 13280 is divided by 85.
20
Calculate the remainder when 879 is divided by 45.
24
What is the remainder when 1171 is divided by 135?
91
Calculate the remainder when 33 is divided by 17.
16
What is the remainder when 3881813 is divided by 57?
56
What is the remainder when 9827 is divided by 892?
15
What is the remainder when 10039 is divided by 10033?
6
What is the remainder when 9407 is divided by 127?
9
Calculate the remainder when 10719 is divided by 18.
9
What is the remainder when 150321 is divided by 6012?
21
What is the remainder when 64053 is divided by 32025?
3
What is the remainder when 469 is divided by 74?
25
What is the remainder when 62370 is divided by 20?
10
What is the remainder when 14312 is divided by 1590?
2
What is the remainder when 45873 is divided by 5733?
9
Calculate the remainder when 1622 is divided by 436.
314
What is the remainder when 152852 is divided by 396?
392
What is the remainder when 2807 is divided by 545?
82
Calculate the remainder when 82032 is divided by 17.
7
Calculate the remainder when 14388 is divided by 194.
32
Calculate the remainder when 52631 is divided by 26277.
77
What is the remainder when 76047 is divided by 5846?
49
What is the remainder when 978 is divided by 215?
118
Calculate the remainder when 758503 is divided by 5.
3
What is the remainder when 5212 is divided by 102?
10
Calculate the remainder when 894 is divided by 769.
125
What is the remainder when 103521 is divided by 130?
41
What is the remainder when 657 is divided by 392?
265
Calculate the remainder when 1506 is divided by 1038.
468
Calculate the remainder when 38931 is divided by 263.
7
Calculate the remainder when 677 is divided by 323.
31
Calculate the remainder when 167543 is divided by 167531.
12
Calculate the remainder when 8839 is divided by 181.
151
What is the remainder when 17867263 is divided by 885?
883
Calculate the remainder when 2571 is divided by 39.
36
Calculate the remainder when 27052 is divided by 1685.
92
What is the remainder when 282291 is divided by 4553?
5
Calculate the remainder when 85952 is divided by 8.
0
What is the remainder when 137681 is divided by 17?
15
What is the remainder when 28933 is divided by 53?
48
What is the remainder when 323994 is divided by 1145?
1104
Calculate the remainder when 9448 is divided by 25.
23
What is the remainder when 50196 is divided by 756?
300
What is the remainder when 664 is divided by 319?
26
Calculate the remainder when 7284 is divided by 3594.
96
What is the remainder when 1730 is divided by 1132?
598
Calculate the remainder when 637 is divided by 160.
157
Calculate the remainder when 57467 is divided by 8160.
347
Calculate the remainder when 13703 is divided by 5.
3
What is the remainder when 924525 is divided by 48?
45
Calculate the remainder when 10488 is divided by 1248.
504
Calculate the remainder when 69236 is divided by 2099.
2068
Calculate the remainder when 45810 is divided by 619.
4
What is the remainder when 3084 is divided by 36?
24
What is the remainder when 1052323 is divided by 62?
59
Calculate the remainder when 1066 is divided by 44.
10
What is the remainder when 28356 is divided by 139?
0
Calculate the remainder when 4071 is divided by 124.
103
Calculate the remainder when 2691 is divided by 1307.
77
What is the remainder when 120903 is divided by 2878?
27
What is the remainder when 288 is divided by 275?
13
What is the remainder when 187589 is divided by 142?
7
What is the remainder when 229 is divided by 93?
43
Calculate the remainder when 8187 is divided by 2045.
7
What is the remainder when 64605 is divided by 2098?
1665
What is the remainder when 10034 is divided by 10032?
2
Calculate the remainder when 7067 is divided by 1022.
935
What is the remainder when 28479 is divided by 770?
759
Calculate the remainder when 4674 is divided by 982.
746
What is the remainder when 3067 is divided by 1259?
549
Calculate the remainder when 2560 is divided by 1260.
40
Calculate the remainder when 263058 is divided by 138.
30
What is the remainder when 84432 is divided by 15?
12
What is the remainder when 1060661 is divided by 353545?
26
What is the remainder when 71126 is divided by 1206?
1178
Calculate the remainder when 420871 is divided by 163.
5
What is the remainder when 612 is divided by 496?
116
What is the remainder when 19752 is divided by 108?
96
Calculate the remainder when 6495 is divided by 271.
262
What is the remainder when 40549 is divided by 5789?
26
What is the remainder when 39703 is divided by 4?
3
Calculate the remainder when 11520 is divided by 320.
0
Calculate the remainder when 17400 is divided by 103.
96
What is the remainder when 188591 is divided by 31424?
47
Calculate the remainder when 11205 is divided by 22.
7
Calculate the remainder when 770 is divided by 745.
25
What is the remainder when 30383 is divided by 8?
7
What is the remainder when 17264 is divided by 18?
2
What is the remainder when 10139 is divided by 60?
59
What is the remainder when 378959 is divided by 175?
84
What is the remainder when 31015 is divided by 1142?
181
Calculate the remainder when 167759 is divided by 33539.
64
What is the remainder when 171940 is divided by 40?
20
Calculate the remainder when 26901 is divided by 97.
32
What is the remainder when 165668 is divided by 147?
146
Calculate the remainder when 4210 is divided by 1041.
46
Calculate the remainder when 6146 is divided by 6130.
16
What is the remainder when 6705 is divided by 2230?
15
Calculate the remainder when 14757 is divided by 1475.
7
What is the remainder when 48429 is divided by 13?
4
What is the remainder when 758701 is divided by 758692?
9
Calculate the remainder when 25802 is divided by 5157.
17
What is the remainder when 225246 is divided by 32?
30
What is the remainder when 99364 is divided by 9935?
14
What is the remainder when 165477 is divided by 985?
982
Calculate the remainder when 11813 is divided by 106.
47
Calculate the remainder when 1807661 is divided by 2781.
11
What is the remainder when 158738 is divided by 40?
18
What is the remainder when 92419 is divided by 3553?
41
Calculate the remainder when 118660 is divided by 59320.
20
Calculate the remainder when 13524 is divided by 55.
49
Calculate the remainder when 1968 is divided by 113.
47
What is the remainder when 937776 is divided by 13?
8
What is the remainder when 2288 is divided by 458?
456
What is the remainder when 218 is divided by 45?
38
Calculate the remainder when 2804 is divided by 47.
31
What is the remainder when 635 is divided by 576?
59
What is the remainder when 95326 is divided by 829?
820
Calculate the remainder when 839 is divided by 787.
52
Calculate the remainder when 10000 is divided by 1997.
15
What is the remainder when 310195 is